 - 7.
0
What is the value of 10 + -7 + -4 - (4 - 4)?
-1
What is (6 - -2) + 0 + (9 - 7)?
10
Evaluate 5 + -1 + -7 + 6 + -6.
-3
What is the value of (4 + -1 - (10 + -5)) + -1?
-3
Calculate (13 - 8) + -3 + 0 + 0.
2
Calculate 6 + (-8 - -5) + 2 + 0.
5
Evaluate 6 + (-1 - 3) + 5 - 3.
4
What is 6 + (4 - (2 + 4))?
4
Evaluate -1 + 3 + 1 + -1.
2
What is 12 + -10 + -5 + -3?
-6
Evaluate (-16 - -14) + -4 + 3.
-3
Evaluate -12 + (19 - 8) + -6.
-7
Calculate -2 - 0 - (1 + -4).
1
What is -6 - (-7 - -10 - 8)?
-1
2 + (5 - 9) + -2
-4
Calculate 0 + (2 - 1) + (1 - 3).
-1
2 + -3 + 1 + -2
-2
What is the value of (5 - 1) + (-2 - -3)?
5
What is the value of (12 - -8) + -6 + -9?
5
6 + 2 + -6 + -23 + 22
1
What is the value of -2 + 1 + 2 + 9 + -4?
6
Evaluate -5 - (3 + 2 - 9).
-1
2 - (-12 + 7 - -1)
6
3 + 1 - (0 - -3) - 3
-2
What is 12 + -10 + (-1 - 2)?
-1
-2 + (0 - -1) - (-112 + 110)
1
What is the value of (-1 - 17) + 15 - (-2 + 3)?
-4
What is the value of 12 - ((-2 - -3) + 5) - -3?
9
What is the value of -6 + -1 + 1 + (59 - 60)?
-7
What is (-15 - -24 - (5 + 0)) + 1?
5
Calculate (1 - (-1 + 1 + 3)) + 0.
-2
Calculate 0 - 8 - (0 - 11).
3
Calculate 10 - (14 - (2 + (1 - -4))).
3
Evaluate -3 + 8 - (25 + -23).
3
-4 - -7 - 1 - (1 - 2)
3
Evaluate -11 - (-10 + 5) - (-2 - 1).
-3
What is the value of -1 + (-3 + -1 - (-17 + 17))?
-5
5 - (-4 + -11 + 11)
9
What is the value of (-1 - 0) + -3 + 1 + -2?
-5
Evaluate 4 - (-4 + 7 + 6).
-5
Calculate 0 - -6 - (-10 + 14) - 3.
-1
What is (-19 - (-13 + 1)) + 4?
-3
What is -2 - (-6 - -8 - -5)?
-9
Evaluate 19 + 2 - 12 - 8.
1
What is (-23 - -21) + 0 + 1?
-1
Evaluate (0 - 1 - -2) + 0.
1
What is the value of 2 + -1 - 5 - (3 + -2)?
-5
Evaluate (0 - -7) + -8 + -15 + 25.
9
Evaluate 9 - 6 - -4 - 7.
0
Evaluate (4 + -4 - (-2 + 1)) + -2.
-1
What is the value of 12 + -12 - (-1 + 0 - -5)?
-4
What is the value of -2 + 1 + -1 + (8 - 2)?
4
Evaluate -7 + (-4 - (3 - 4)) + 6.
-4
What is 4 - (7 + -5 + 7)?
-5
What is 0 + (0 - (3 + 3))?
-6
What is the value of (-7 + 6 - 5) + 2?
-4
What is 3 + -26 + 28 + (-1 - -1)?
5
Evaluate -4 + -1 + (0 - (-1 + -1)).
-3
Evaluate (1 - (2 - -3)) + 1.
-3
Evaluate (1 - -1) + (5 - 0 - 2).
5
Calculate (14 - 1) + (-51 - -29).
-9
Evaluate 14 + 3 + (-2 - 10).
5
5 - 8 - (1 - -6 - 13)
3
What is 0 - (-1 - ((1 - -1) + -2))?
1
Calculate 5 + -1 + -2 + 11 + -8.
5
Evaluate 8 + -9 + 9 + -14.
-6
Calculate (7 - 3) + (-3 - 1) - 2.
-2
What is (0 - (-8 + 19)) + 3?
-8
Calculate -13 - -15 - (-1 + 4).
-1
What is the value of -1 - 1 - (44 + -41)?
-5
What is the value of (3 - (7 + -2)) + -3?
-5
Calculate -1 - 0 - (-7 + -5 + 14).
-3
Calculate -13 + 9 + -2 + 2 + 2.
-2
What is the value of 3 + (-10 - 1) + 8?
0
Evaluate (3 - (0 - 0)) + -6.
-3
Calculate (-1 - -3) + (-1 - (0 - -1)).
0
What is the value of 1 - ((0 - (3 + 0)) + 3)?
1
Calculate (-1 + -2 - (-42 + 46)) + 15.
8
What is the value of -1 + (4 - -1 - (1 - 1))?
4
What is the value of -2 + -2 + 8 + -4?
0
Evaluate -7 + 5 + 0 + 4.
2
Calculate -5 - -2 - -7 - -2 - 4.
2
(4 - -1) + (-4 - (6 - 10))
5
Calculate -7 + 2 + 0 + 9.
4
-5 - 2 - (-30 + 18)
5
(10 - -8) + -2 + -8 - 6
2
4 + -1 + -7 + 7
3
Evaluate (-4 + 9 - -4) + -11.
-2
Evaluate -9 + 14 + -7 + (2 - 1).
-1
Evaluate 5 + -7 - (1 + -2 - 2).
1
Evaluate -5 + (10 - (-1 - -5) - 6).
-5
Evaluate (0 - -1) + -2 - (-1 + -5).
5
What is -10 - (-6 + 3) - (-1 - 5)?
-1
-8 - -5 - (-1 - -1) - 1
-4
1 - (-5 + 3 + 3 + -3)
3
What is the value of 1 + 0 - (2 + -8 - -2)?
5
What is -4 + 1 + 4 + 1 + 0?
2
Evaluate 2 - (8 + (-1 - 2) + -3).
0
What is 5 - 5 - (-9 + 6)?
3
-6 + 0 + -3 + 2 + 3
-4
(-123 - -113) + 0 + 17
7
Calculate 8 + 1 + 3 + (2 - 9).
5
Calculate (-2 - -7) + -5 + -4.
-4
-6 + 0 - (-6 - -5)
-5
Calculate -3 + 6 + 0 + -1 + 0.
2
Calculate -3 + (-1 - (-4 + 5)).
-5
What is the value of 1 - ((-4 - -9) + 1 + -1)?
-4
What is the value of 5 - (3 + (3 - 3)) - -4?
6
Evaluate 4 + -1 - 4 - -5.
4
What is the value of -2 + 1 - -10 - 3 - 1?
5
-3 + (11 - 4) + 1
5
Calculate 4 - (8 + -2 + -8).
6
What is the value of -2 + 6 + 6 - 19?
-9
Evaluate (13 - (23 - 15)) + 0 + 0.
5
What is the value of -8 + -1 - (6 - 10)?
-5
Calculate 3 + 3 + -1 + 4 - 2.
7
Calculate 1 - (-4 + -1 + 6 + -4).
4
-7 + (11 - (-9 - -7))
6
-1 + 4 + -5 + -9 + 14
3
Evaluate 3 + -2 + (3 - 2).
2
What is 3 + (-2 - -1) + (-25 - -23)?
0
What is 6 - 5 - (1 - 1)?
1
-5 - -2 - (0 - -1)
-4
What is the value of -4 - (4 + -1 + -10)?
3
Evaluate (3 - 1 - 0) + (3 - 5).
0
What is 0 + 0 + 2 - (-4 + 8)?
-2
What is the value of 12 + -8 + -10 + 1?
-5
Calculate -4 - (-5 + -4 + 9).
-4
Calculate -15 - (18 + -25 + -3 + 5).
-10
Calculate (-2 - 1) + -5 + -1.
-9
Evaluate 1 + -4 + (-4 - (5 - 16)).
4
What is 4 + (2 - 2 - 1) - 3?
0
What is the value of 1 - (0 - (0 + 3))?
4
What is the value of (-4 + 3 - 7) + 4?
-4
Calculate 3 - (-3 + 7) - -6.
5
Calculate -2 + 2 + (-1 - (-1 + 3)).
-3
Evaluate -11 + -5 + 7 - -1.
-8
Evaluate 11 + -7 - (7 - -4).
-7
Evaluate (-37 - -34) + (0 - -6) - 1.
2
Calculate 12 + (3 - 12 - -1).
4
What is the value of 3 + -10 + (6 + -2 - 7)?
-10
What is 12 + -10 + 1 + -1 + 5?
7
Calculate -1 + -1 - (46 - 45).
-3
-2 - ((5 - 18) + 11)
0
-6 + (7 - 7) - -1
-5
Calculate (2 - 3) + 2 - (-1 + 3).
-1
8 + -5 + (1 - 2) - -3
5
Calculate 5 + (-6 - -1) + 2 + -2.
0
Calculate 4 - 0 - (-1 + 3 + 0).
2
Calculate (-5 - 0) + (5 - -1).
1
Calculate 1 + -1 + (3 - 8 - -4).
-1
Evaluate (-3 - (4 + 0)) + -1 + 4.
-4
Evaluate -3 - (0 - ((9 - -1) + -2)).
5
(5 - (-3 + 10)) + 6
4
What is the value of -3 + 3 - 0 - -4?
4
(0 + -3 - (-7 + 7)) + 6
3
5 + 1 + 0 + -2
4
Evaluate 1 + -3 + -2 + (2 - -2).
0
1 + 0 + (3 - 2) + -5
-3
What is the value of 0 + -3 + -4 + 3 + 2?
-2
What is -1 - (-2 + 4 + (-1 - 4))?
2
Calculate (-1 - -1) + 10 + -7.
3
What is 5 + 0 - (12 - (-5 - -8))?
-4
What is the value of (5 - (1 + 2)) + -3?
-1
What is the value of 0 + (7 + -2 - (3 - -2))?
0
What is the value of 4 + (19 + -27 - (0 + -2))?
-2
-1 - ((3 - 3) + -3)
2
Calculate -7 + 13 - (2 + 3 + -1).
2
-8 - (-1 + -1) - 0
-6
Evaluate -1 + 1 + (5 - 9).
-4
What is the value of (-4 - -17) + -10 + 0 + -5?
-2
Calculate 1 - -1 - (0 - (-3 - -2)).
1
Calculate (4 + -7 - 8) + 1.
-10
-3 + (3 - (1 - -2))
-3
Calculate -10 - (-16 + 6 + 4).
-4
What is the value of 6 + -8 + 6 - -2?
6
What is the value of 6 + (-12 - (-6 - (3 - 5)))?
-2
What is the value of -11 - -13 - (5 - -1)?
-4
Evaluate -2 + 3 + (-6 - (-1 - 3)).
-1
What is -3 + 3 + (-5 - -2) + -3?
-6
What is the value of 3 + (-3 - 1) + -1?
-2
-2 + -3 + 4 + (-3 - -6)
2
Evaluate -3 - (0 + (-2 - -2)).
-3
Calculate (-4 - 1) + (-4 - (1 - 10)).
0
4 + -7 - 1 - -3
-1
Calculate 1 - (3 - (-4 + 5)) - 5.
-6
What is 4 + (-1 - (4 - 6)) + -1?
4
Calculate 0 - 4 - -20 - 9.
7
What is -4 + (8 - (15 - 11))?
0
What is (1 - (2 + -1) - 2) + 3?
1
What is the value of -27 + 27 - (0 + 3 + -2)?
-1
What is the value of -3 - (-5 - 1) - (4 + 3)?
-4
Calculate (2 + -1 - 2) + (12 - 16).
-5
Calculate -8 - (-12 + -1 + 7).
-2
Evaluate -12 + (10 + 3 - 11).
-10
Calculate (0 - (2 - -1)) + -1 + 4.
0
Calculate (4 - 2) + -7 + 9.
4
Calculate (13 - (-8 + 15 + -2)) + -3.
5
What is (10 - 9) + (0 - (-2 + -2))?
5
What is (9 - 6 - -7) + -6?
4
Calculate 5 + -1 + -1 + 0 + -4.
-1
Evaluate 2 + 1 + (6 - 8).
1
What is (-1 - -2) + (8 - 15) + 10?
4
What is the value of -2 + -1 - (4 - 8 - -7)?
-6
What is the value of 3 - 0 - (2 + 2 - 1)?
0
What is the value of 4 + 1 + -2 + -1?
2
(-8 - -6) + 7 + -6 - 5
-6
What is the value of -7 - (-6 + -10 + 8 + 1)?
0
What is (10 - 4) + -1 + -8 - 3?
-6
What is the value of 4 - ((-5 - (-1 - 1)) + 1)?
6
Calculate (0 - (6 - 6)) + 0.
0
What is -6 - (4 + (-3 - 4)) - 1?
-4
2 + 1 + 3 + (1 - 1)
6
What is the value of (-18 - -9 - -4) + 9 + 1?
5
What is the value of -2 + 2 - (-5 + 9 + -7)?
3
Calculate 10 + -6 - (-7 - (-5 + 0)).
6
What is 2 - 9 - -8 - 4?
-3
What is 0 + 10 - 10 - 4?
-4
3 - (3 + (4 - 3) - 3)
2
(0 - (-4 + 2)) + -3
-1
(4 - (7 - -2)) + 8
3
What is the value of 5 + -3 - (1 + -1 + 5)?
-3
(2 - 1) + -5 + (1 - -3)
0
Calculate 6 + -5 + (-3 - 0).
-2
Evaluate 45 + -37 + -3 + -1.
4
Evaluate 9 - 0 - (-28 + 32).
5
What is the value of -26 + 12 + 1 + 7?
-6
Evaluate 1 + (0 - 0) + (52 - 51).
2
Evaluate 2 - (8 - -1) - -9.
2
Evaluate (-4 - -2) + (0 - 4).
-6
Evaluate -12 - -9 - (-2 + -2).
1
What is -7 + (0 - (-6 + -1))?
0
Calculate 2 - 0 - (-8 - (-15 + 8)).
3
What is the value of 4 - -1 - (16 - 16)?
5
What is the value of -4 - 0